o(d) = -d**3 - d**2 + 32*d. Let f be o(n). Calculate v(f).
-8
Let s(y) be the third derivative of -y**9/30240 - y**6/360 + 16*y**5/15 + 3*y**2 - 1. Let t(z) be the third derivative of s(z). Determine t(-2).
14
Let x(h) = -6*h**2 - h + 4. Let y(u) = -u**3 - 5*u**2 - 28*u - 206. Let b be y(-6). Give x(b).
-18
Let p(o) = 5 - 637*o**2 + 1317*o**2 - 681*o**2. What is p(-6)?
-31
Let s(o) = -155*o + 753. Let q be s(5). Let w(p) = -7*p - 150. Calculate w(q).
4
Let k be (-4)/4 + (3 + 5)/8. Let i(y) be the second derivative of 12*y - 1/2*y**2 - 1/6*y**4 + 1/20*y**5 + k + 1/3*y**3. Determine i(2).
3
Let m(b) be the third derivative of -b**6/120 - b**5/12 + b**3/3 - 16*b**2. Suppose -37 = k - 2*l + 4, -4*k - 155 = l. Let j = k + 34. What is m(j)?
2
Let y(x) = 9*x + 27. Let h be 1/((-1)/(-5)*30/(-12)). Give y(h).
9
Let h = 710 - 313. Let g = -404 + h. Let y(t) = -4*t - 17. Give y(g).
11
Let l(b) = -7*b + 33. Let c be l(4). Suppose 0 = -v + 7*u - 5*u + 6, 0 = -c*v + 2*u + 46. Let s(o) = o**2 - 11*o + 7. Calculate s(v).
-3
Let o(l) = -279*l - 4466. Let w be o(-16). Let j(d) = -3 + 8*d - 7*d + 3. Give j(w).
-2
Let f(q) = 269 - 6*q + 276 - 547. Give f(-6).
34
Let i(p) = -34*p - 38*p + 16 + 62*p. Let k be i(2). Let m(j) = -j + 5. Let f(l) = 5. Let n(c) = 2*f(c) - 3*m(c). What is n(k)?
-17
Suppose 0 = -5*a - h - 20 + 55, 0 = -2*a + 2*h + 26. Let p(n) be the third derivative of -n**4/24 + 10*n**3/3 - 11*n**2 - 277*n. What is p(a)?
12
Let h(v) = v**2 + 4 + 4*v - 4*v - 3*v. Let j(g) = 2*g**3 + 89*g**2 - 43*g + 93. Suppose 10*o + 45 = 9*o. Let c be j(o). Determine h(c).
4
Let q(d) be the second derivative of -d**4/12 - 5*d**3/6 - 3*d**2 - 9925*d. Let b be 0/(1/3*3). Suppose 5 = -w - b. Give q(w).
-6
Let m = -72 + 84. Suppose 11*h = 14*h - m. Let v(k) = k**2 - k - 1. Let t(z) = -3*z**2 - 8*z + 20. Let b(p) = h*v(p) + t(p). Determine b(11).
5
Let c(v) = v + 12. Suppose -x - 4*w - 1 = 0, x - 19 + 17 = -w. Suppose -x*m = 4*b + 32, -3*m + b = -4*b + 41. Determine c(m).
0
Suppose 5*q + r + 60 = 0, 136*r - 139*r = -15. Let f(b) = b + 30. What is f(q)?
17
Suppose -3*n = -6 - 9. Suppose n*i + 4 = 4*i. Let x(w) be the first derivative of w**4/4 + 2*w**3 + w**2 + 3*w - 20. Calculate x(i).
27
Let r(a) = -a**2 - 5*a - 7. Let n(w) = 21 - 4 + 3*w**2 + 14*w + 5. Let h(g) = -2*n(g) - 7*r(g). Suppose 14*x + 1551 = 1481. What is h(x)?
-5
Let z(p) = 34 + 82*p - 87*p - 23 + p**2 + p**2. What is z(0)?
11
Let f(h) be the second derivative of -23*h**3/6 + h**2 - 8*h - 2. Determine f(1).
-21
Suppose 0 = 18*t - 13*t - 5*s + 70, -4*s + 21 = t. Let p(g) = 3*g**2 + 17*g + 18. Give p(t).
46
Let l(i) = 3*i**3 + 20*i**2 + 12*i - 4. Let t be l(-6). Suppose 4*n = 4*s - 19 - 1, -s = 5*n + 7. Let c(u) = -4*u**2 + u**3 - 3*u**s + u**3. Give c(t).
0
Let l(h) be the first derivative of -h**4/4 - 3*h**3 + h + 4959. Let q = -13 + 4. What is l(q)?
1
Let r be 3/((-115)/65 - -2). Let z(k) = 14*k + 2*k**2 - 4*k**2 - 1 - r*k + 3. Let b(f) = -2*f - 4. Let w be b(-3). Determine z(w).
-4
Let x(h) = -2*h**2 + 7*h + 95. Suppose 191*i + 350 + 769 = -27. Give x(i).
-19
Let s(j) = j**2 + 7*j + 3. Let c(l) = 4*l**2 + 21*l + 9. Let x(f) = -2*c(f) + 7*s(f). Let z = 83 + -35. Let h = -42 + z. Determine x(h).
9
Let d(n) = 5*n**3 + n. Let m be d(-1). Let y = 2 - 2. Let t(u) = 6*u + 7*u**2 - 1 + y*u**3 + 4*u**3 + 8 - 3*u**3. What is t(m)?
7
Let c(o) be the third derivative of -o**4/24 - 4*o**3/3 - 10*o**2 - 359*o. Calculate c(0).
-8
Let s(n) be the second derivative of n**5/120 + n**4/8 + 13*n**3/3 - n**2 - 42*n. Let q(g) be the second derivative of s(g). Calculate q(5).
8
Let d be 2080/156 - 4/(-6). Let m(o) = 6*o - 34*o - 9 + d*o + 15*o. Determine m(4).
-5
Let m(z) be the third derivative of -z**5/30 - z**4/12 - 2*z**3/3 - 1396*z**2. What is m(-2)?
-8
Suppose 2*z = 3*p - 10, -z + 2*p + 6 - 13 = 0. Let y be (-5 - 0)/5 - z. Let c(i) = 95*i**2 - 2*i - 97*i**2 + i + 2. Determine c(y).
-4
Suppose 12 = 2*p - 0*p. Let i(k) be the second derivative of 0*k**2 + 3/2*k**3 + 8*k + 22 - 1/6*k**4. Calculate i(p).
-18
Let j(z) be the first derivative of z**4/4 + 3*z**3 + 4*z**2 + 6*z - 1. Let k = 20607 - 20615. What is j(k)?
6
Let w = -72 + 70. Let q(a) = 11*a + 1. Let x(u) = 5*u - 2*u + 2*u + u. Let v(p) = -3*q(p) + 5*x(p). Determine v(w).
3
Let v(n) = n**2 + 2*n - 1. Suppose 4*g = -35 - 13. Suppose 1067 - 1064 = 3*p. Let i be 1/(4/(p*g)). What is v(i)?
2
Let b(i) be the second derivative of i**5/10 + 2*i**4/3 + i**3 + 33*i**2/2 - 31*i + 7. Calculate b(-4).
9
Suppose -5*z + 8*z = -12. Let k be 418/(-99) + z/(-18). Let t(d) = -2 - 5*d**2 - 4*d - 2*d**3 + d**3 + 2*d. Give t(k).
-10
Let v(y) = 2*y**2 - 23*y + 52. Let c be v(7). Let g(t) = t**2 + 5*t - 58. Give g(c).
8
Let x(y) = -6*y**3 + y**2 + 6*y - 6. Let q(r) = -32*r + 769. Let m be q(24). Give x(m).
-5
Suppose 5*s = 7*s - 232. Let x(u) = s - 2*u - 99 - 5*u + 4*u. Give x(8).
-7
Suppose -5 = -3*h + y, 3*h + 42 - 46 = 2*y. Let k(s) = 4*s - 240*s**2 + 1 + 2*s + 2*s + 239*s**h. Suppose 5*l = 29 + 11. What is k(l)?
1
Suppose -35 - 5 = -4*v. Suppose -v*n - 32 = -14*n. Let m(i) be the second derivative of i**3/6 - 4*i**2 - 2*i. Calculate m(n).
0
Let o be (236/88 + (-2)/11)/(20 + -19). Let l(u) be the second derivative of 1/2*u**4 + 0 - 1/20*u**5 + 19*u - 2/3*u**3 - o*u**2. Give l(4).
11
Let b(c) = c**3 - 3*c**2 + 15*c - 34. Suppose 14*p - 13*p - 5*s = 28, 2*p = -s + 1. Let j be b(p). Let y(l) = -l**2 + 9*l + 17. Give y(j).
-5
Let t(z) = z**3 - 129*z**2 - 114*z - 2084. Let w be t(130). Let o(f) be the second derivative of f**5/20 + 7*f**4/12 + 5*f**3/6 - 3*f**2/2 - f. Give o(w).
25
Let u = 0 - -3. Suppose -21*a + 45*a - 48 = 0. Suppose 3*y + 5 = a*y + f, 12 = u*f. Let l(d) = 8*d**2 - 1. Calculate l(y).
7
Suppose 2*a - 7*a = 175. Let h = 36 + a. Let g(i) = -8*i**3 - 2*i**2 + 7*i - 1. Let n(d) = 8*d**3 + 2*d**2 - 8*d + 1. Let q(l) = 6*g(l) + 5*n(l). Give q(h).
-9
Let w(f) be the first derivative of -f**2/2 + 3*f + 121. Let v be (-51)/18*-3*-2. Let i = v - -25. Determine w(i).
-5
Suppose -290*k - 3 = -291*k. Suppose -3*m - 15 = -k. Let i(j) = j**2 + 3*j + 4. Determine i(m).
8
Let g(p) = -p**3 + 2*p**2 + 2 + 0*p - 5 + 4*p. Let u be (2 + (-145)/5)*-1. Suppose -6*n + 45 - u = 0. Calculate g(n).
0
Let v(q) be the second derivative of -13*q**5/120 + q**4/24 - 112*q**3/3 + 139*q. Let z(n) be the second derivative of v(n). Give z(-1).
14
Let v = -7024 + 7021. Let d(u) = 10*u**2 + 8*u - 5. Determine d(v).
61
Let y(p) = p**3 - 7*p**2 - 12*p + 16. Let i(o) = -158*o + 798. Let k be i(5). What is y(k)?
-16
Let r(f) = f**3 + 16*f**2 + 70*f + 7. Let c be r(-10). Suppose -n + 11 = -85. Let q = c + n. Let z(l) = l**2. What is z(q)?
9
Let d(w) = w**3 + 4*w**2 - w - 1. Let r be d(-4). Suppose 0*f + 3*u = -f - 2, -18 = -3*f - u. Let x(k) = -8*k**r - k + f*k**3 - 6*k**2 - 3*k. Give x(-5).
-5
Suppose -17*y + 1915 = 1915. Let p(t) be the second derivative of 3*t + y + 1/6*t**3 + t**2. Calculate p(-2).
0
Let x(f) = -3429 + 5*f**2 - 12*f + 3445 - 4*f**2. Let o = -80 - -92. Calculate x(o).
16
Let c(u) = 2*u. Suppose -4*k = 6*k + 1340. Let o = k + 137. Give c(o).
6
Let r = 16 + -23. Let l(v) = 71*v + 73. Let z(k) = -16*k - 18. Let a(j) = 2*l(j) + 9*z(j). Give a(r).
-2
Let v be (198/30)/(-11)*-5. Let s be (-280)/49 + ((-12)/14)/v. Let x(u) = -2*u - 4. Give x(s).
8
Let r(k) be the first derivative of -k**5/20 - k**4/2 + k**3/6 - 2*k**2 + 102*k + 74. Let a(w) be the first derivative of r(w). What is a(-7)?
38
Let t(i) = -i**3 + 5*i**2 - 50*i + 246. Let k be t(5). Let n(c) be the first derivative of c**4/4 + 2*c**3 - 3*c - 7. What is n(k)?
29
Let x(h) = -2*h + 3. Let w(b) = b**3 - 10*b**2 + 5*b + 12. Let n be w(9). Let z be n/(-8) + 11 + -7. What is x(z)?
-11
Let j be (1/(-1) - -1)/(-2). Let b(t) be the third derivative of 0*t - 234*t**2 - 1/24*t**4 + 0 - 5/2*t**3. What is b(j)?
-15
Suppose 6*p = -7 + 37. Let t(h) = h**2 + h - 1. Let d(b) = -b**3 + 3*b**2 + 3*b - 1. Let w(z) = p*t(z) - d(z). What is w(-3)?
-19
Let d be ((-430)/8)/(-1 - 21/(-28)). Suppose -4*z + 190 = -2*r, 0 = 5*z + 5*r - 30 - d. Let p(q) = -42*q**3 - z*q**3 + 99*q**3 + 2*q**2 - 1. Give p(-1).
-8
Let k(x) = x**3 + 44*x**2 + 84*x - 12. Let t(s) = -2*s**3 + 21*s**2 + 8*s - 9. Let r be t(11). Calculate k(r).
-12
Let b(w) = -91*w**2 + 45*w - 110. Let q(v) = 3